 = 8*a. Give f(-7).
-56
Let w(t) = t + 6. Determine w(-3).
3
Let x(s) = s**2 - 4*s - 4. Calculate x(4).
-4
Let k(d) = -d**3 - 2*d**2 - d + 4. Calculate k(0).
4
Let r(p) = p**3 - 4*p**2 - 6*p + 1. Give r(5).
-4
Let l(o) = 9*o - 77. Give l(8).
-5
Let p(n) = -n**2 - 14*n + 30. Determine p(-16).
-2
Let l(n) = -n**3 + 24*n**2 + 22*n + 67. Give l(25).
-8
Let f(n) = -3*n**2 - 14*n - 24. Give f(-3).
-9
Let u(t) = 35*t + 2. What is u(-1)?
-33
Let m(d) = d**3 - 7*d**2 + 14*d - 9. Calculate m(4).
-1
Let g(l) = -l**2 + 7*l - 15. Calculate g(5).
-5
Let z(d) = -d**3 + 9*d**2 + 12*d. Give z(10).
20
Let t(w) = 5*w - 15. Determine t(5).
10
Let q(j) = -17*j - 1. Give q(2).
-35
Let n(m) = -m**2 - 7*m + 88. Give n(7).
-10
Let n(d) = -d**3 - 4*d**2 - 2*d - 5. Give n(-2).
-9
Let c(l) = -6*l**3 + 3*l**2 - 6*l + 3. Give c(2).
-45
Let q(v) = v**3 - 3*v**2 + 4*v - 5. Give q(0).
-5
Let x(h) = -3*h**3 + h**2 + 3*h - 3. Determine x(-2).
19
Let b(v) = 2*v**3 - 17*v**2 + 21*v - 4. What is b(7)?
-4
Let j(c) = c**3 + 5*c**2 + 10*c + 38. What is j(-5)?
-12
Let y(c) = -3*c**3 + 2*c**2 + c. What is y(-1)?
4
Let k(f) = -f**2 + 16*f + 2. Give k(19).
-55
Let g(n) = 3*n**2 - 9*n - 4. Calculate g(3).
-4
Let r(c) = -c - 4. Give r(-10).
6
Let o(c) = 2*c**2 + 8*c - 16. Calculate o(4).
48
Let t(d) = d**3 + 3*d**2 - 6*d. Give t(-4).
8
Let q(a) = a**2 - 11*a + 23. Give q(12).
35
Let h(u) = -12*u - 139. What is h(-13)?
17
Let n(u) = -u**3 - 13*u**2 - 3. What is n(-13)?
-3
Let q(d) = -d**3 - 14*d**2 + 28*d + 210. What is q(-15)?
15
Let u(k) = -23*k**2. Calculate u(-1).
-23
Let c(s) = s**2 + 10*s - 9. Give c(-10).
-9
Let f(h) = 2*h**3 - h**2 - 17*h + 3. Determine f(3).
-3
Let s(n) = -5*n - 6. Calculate s(4).
-26
Let r(a) = a + 1. What is r(-1)?
0
Let d(a) = -10*a - 3. Give d(3).
-33
Let w(h) = -h**3 - 17*h**2 + 2*h - 25. Give w(-17).
-59
Let p(k) = k**3 + k**2 + k + 3. Determine p(-2).
-3
Let u(z) = 10*z + 7. Determine u(-5).
-43
Let c(f) = -f**2 - 7*f + 2. Determine c(-9).
-16
Let h(m) = -m**3 + 16*m**2 - 20*m - 20. Determine h(15).
-95
Let z(f) = f - 2. What is z(-13)?
-15
Let h(b) = -b**2 + 11*b - 5. Give h(11).
-5
Let g(u) = -u**2 + 22*u - 113. Give g(13).
4
Let f(t) = -t**2 - 21*t - 125. Give f(-11).
-15
Let q(p) = p**3 + 6*p**2 - p - 3. Calculate q(-6).
3
Let h(i) = -i**3 - 11*i**2 - 16*i + 7. Determine h(-9).
-11
Let u(d) = -d**2 + 6*d + 18. Calculate u(8).
2
Let j(z) = -z**3 - 3*z**2 + 4*z - 2. Calculate j(-4).
-2
Let i(s) = -s**2 - 32*s + 329. What is i(8)?
9
Let n(b) = -b**2 + 7*b - 11. Give n(4).
1
Let y(p) = p**3 - 38*p + 12. Give y(6).
0
Let y(r) = 3*r**3 + 9*r**2 - 11*r - 10. What is y(-4)?
-14
Let g(h) = 11*h + 139. Determine g(-14).
-15
Let b(c) = -2*c + 15. Calculate b(1).
13
Let g(q) = -16*q - 75. Determine g(-17).
197
Let f(z) = 19*z**3 + 1. What is f(1)?
20
Let d(q) = -3*q**3 - 2*q**2 + 2*q - 3. Give d(2).
-31
Let c(y) = -y**3 - 25*y**2 + 3*y + 69. What is c(-25)?
-6
Let j(n) = -2*n + 114. What is j(58)?
-2
Let h(d) = 6*d + 40. Give h(-11).
-26
Let a(s) = -38*s - 144. Determine a(-4).
8
Let y(h) = -10*h - 2. Calculate y(-3).
28
Let g(d) = -d**3 + 16*d**2 - 14*d - 8. Calculate g(15).
7
Let v(x) = -4*x**2 - 5*x - 2. Calculate v(-2).
-8
Let y(k) = 5*k + 153. Determine y(-33).
-12
Let s(m) = m**3 - 6*m**2 - 4*m - 10. What is s(8)?
86
Let y(x) = 23*x + 4. Determine y(2).
50
Let s(u) = -2*u - 20. Calculate s(0).
-20
Let a(u) = -u**3 - 13*u**2 - 12*u - 24. Calculate a(-12).
-24
Let p(w) = -w**2 + 8*w + 21. Determine p(-9).
-132
Let h(t) = -3*t**2 - 7*t - 5. Give h(-3).
-11
Let h(w) = -w**3 + 6*w**2 + 7*w + 1. Calculate h(5).
61
Let t(w) = -3*w + 28. Give t(11).
-5
Let o(a) = -a**2 + 3*a + 28. What is o(8)?
-12
Let z(q) = q**2 + 5*q + 1. What is z(-5)?
1
Let j(x) = 3*x**2 - 86*x - 21. Calculate j(29).
8
Let y(f) = -23*f - 6. Give y(3).
-75
Let i(a) = -22*a**2 - 157*a - 1. Determine i(-7).
20
Let i(q) = q**2 - 16*q - 3. What is i(16)?
-3
Let y(g) = -2*g**3 - 2*g**2 - 2*g + 3. What is y(2)?
-25
Let z(j) = -j**2 + j + 6. Give z(3).
0
Let w(h) = h**3 - 4*h**2 - h + 13. What is w(-2)?
-9
Let d(z) = -2*z**2 + 18*z - 53. Calculate d(9).
-53
Let r(p) = -2*p**3 - 3*p**2 - 3*p - 3. Give r(-2).
7
Let c(a) = a**2 + 9*a + 3. Calculate c(-9).
3
Let b(l) = -9*l - 1. Determine b(2).
-19
Let j(x) = -8*x - 55. Determine j(-5).
-15
Let u(y) = y**3 + 7*y**2 + 8*y + 9. Calculate u(-7).
-47
Let f(t) = t**2 + 10*t - 12. Calculate f(-8).
-28
Let q(k) = k - 5. Calculate q(4).
-1
Let z(s) = 5*s**3 - 2*s + 1. Determine z(1).
4
Let k(v) = 43*v + 177. What is k(-4)?
5
Let h(i) = -2*i**3 + 68*i**2 - 68*i + 64. Give h(33).
-2
Let y(l) = -3*l + 13. Determine y(33).
-86
Let q(a) = 6*a - 72. Give q(11).
-6
Let z(d) = -3*d**2 + 9*d + 74. Determine z(-4).
-10
Let a(d) = -2*d**3 - 7*d**2 + 10*d + 17. Calculate a(-4).
-7
Let f(x) = -6*x**3 - 25*x**2 - 5*x. What is f(-4)?
4
Let h(v) = -v**2 - 13*v - 19. Calculate h(-12).
-7
Let s(h) = h**2 - 10*h + 4. Calculate s(4).
-20
Let x(k) = 9*k - 2. Give x(-1).
-11
Let h(s) = s**2 - 12*s + 24. Give h(10).
4
Let v(c) = 4*c + 1. What is v(-4)?
-15
Let n(f) = -f**2 - f + 6. Determine n(4).
-14
Let n(i) = i**2 - 19*i + 29. What is n(14)?
-41
Let u(y) = -y + 9. Determine u(-7).
16
Let k(f) = 2*f**2 - 11*f + 2. Determine k(5).
-3
Let o(k) = 5*k**2 + 37*k - 17. Determine o(-8).
7
Let s(v) = -23*v + 106. Give s(5).
-9
Let j(t) = -2*t**2 + 2*t + 4. Calculate j(3).
-8
Let n(f) = 11*f - 51. Determine n(5).
4
Let y(z) = 2*z**3 - 5*z**2 + 4*z - 5. What is y(3)?
16
Let f(g) = -52*g + 67. What is f(1)?
15
Let t(a) = a**2 - 8*a + 5. Calculate t(8).
5
Let d(x) = 29*x + 20. Determine d(-3).
-67
Let a(y) = -17*y - 188. Calculate a(-10).
-18
Let z(q) = 8*q - 3. What is z(7)?
53
Let q(p) = -p**2 - 20*p - 13. Determine q(-19).
6
Let q(b) = -b**2 + 2*b - 3. Give q(4).
-11
Let o(t) = 65*t - 1297. Give o(20).
3
Let x(o) = 3*o - 5. Determine x(-6).
-23
Let p(x) = -2*x - 1. What is p(1)?
-3
Let f(i) = -3*i + 75. Give f(24).
3
Let l(f) = 6*f**2 - 8*f - 1. What is l(2)?
7
Let i(n) = n - 11. Calculate i(-5).
-16
Let m(d) = -2*d**2 + 45*d - 116. Calculate m(3).
1
Let n(z) = -z**3 - 5*z**2 + 12*z + 19. Determine n(-8).
115
Let d(z) = z**2 - 11*z + 8. Give d(9).
-10
Let q(i) = 11*i - 21. What is q(9)?
78
Let u(a) = -a**3 + 21*a**2 + 71*a + 29. Determine u(24).
5
Let c(u) = -u**3 + 22*u**2 + 7. Determine c(22).
7
Let x(f) = 4*f + 58. Determine x(-12).
10
Let a(g) = g**2 - 47. Calculate a(0).
-47
Let b(v) = 38*v + 102. Calculate b(-3).
-12
Let k(q) = -q**3 - 2*q**2 - 4*q - 4. Determine k(-2).
4
Let z(x) = -x**2 - 13*x - 12. What is z(-7)?
30
Let a(p) = p**2 - 12*p - 10. What is a(13)?
3
Let a(r) = 2*r**2 - 10*r + 5. What is a(7)?
33
Let n(m) = 4*m**2 + 38*m - 19. What is n(-10)?
1
Let a(u) = -12*u - 268. Calculate a(-23).
8
Let p(u) = 4*u**2 - 151*u - 26. Determine p(38).
12
Let m(d) = -3*d**3 + 8*d**2 - 5*d + 5. What is m(4)?
-79
Let m(y) = y**2 + 3*y - 5. What is m(2)?
5
Let k(f) = f**2 + 6*f - 14. Calculate k(2).
2
Let h(x) = 21*x + 86. Give h(-4).
2
Let f(w) = w**2 + 11*w + 17. What is f(-8)?
-7
Let i(n) = n**2 - 13*n + 45. Give i(7).
3
Let f(r) = -r**3 - 7*r**2 - 5*r + 3. Give f(-6).
-3
Let d(w) = w**2 - 4*w. What is d(7)?
21
Let a(k) = k**3 - 22*k**2 - 25*k + 46. What is a(23)?
0
Let t(p) = 2*p**3 - 10*p**2 - 29*p + 13. Determine t(7).
6
Let o(q) = -q**2 - 14*q + 4. Determine o(-14).
4
Let q(x) = x**3 - 4*x**2 + 3*x + 4. Calculate q(4).
16
Let r(m) = -2*m**2 + 3*m + 5. What is r(-2)?
-9
Let o(v) = v**3 + 7*v**2 + v - 13. Calculate o(-7).
-20
Let z(w) = -w**3 + 11*w**2 - 8*w - 13. Calculate z(10).
7
Let f(h) = 3*h + 20. Determine f(-7).
-1
Let b(o) = 15*o + 9. Give b(-6).
-81
Let r(s) = 3*s - 8. Determine r(-6).
-26
Let a(r) = 12*r - 2. Determine a(-1).
-14
Let t(r) = 5*r + 35. What is t(-6)?
5
Let d(c) = c**3 - 2*c**2 - 11*c - 3. What is d(4)?
-15
Let s(t) = -t**3 + 17*t**2 - 3*t + 19. Determine s(17).
-32
Let m(o) = o - 39. Calculate m(-3).
-42
Let x(n) = n**3 - 12*n**2 + 8*n + 9. Calculate x(11).
-24
Let m(h) = -h**2 + 7*h + 1. Determine m(6).
7
Let t(u) = -6*u + 14. What is t(6)?
-22
Let s(z) = -z + 18. Give s(-11).
29
Let z(j) = j**3 - 2*j**2 - 17*j - 29. Determine z(-2).
-11
Let t(n) = -n**3 - n. Determine t(-2).
10
Let c(y) = 10*y**2 + 5*y. What is c(-1)?
5
Let s(h) = h**3 - 13*h**2 + 14*h - 33.